ainder when 242 is divided by 9?
8
What is the remainder when 2220 is divided by 11?
9
Calculate the remainder when 6375 is divided by 85.
0
What is the remainder when 834 is divided by 105?
99
Calculate the remainder when 164 is divided by 8.
4
What is the remainder when 23 is divided by 5?
3
What is the remainder when 675 is divided by 114?
105
What is the remainder when 119 is divided by 31?
26
What is the remainder when 55 is divided by 15?
10
What is the remainder when 34 is divided by 8?
2
Calculate the remainder when 227 is divided by 29.
24
What is the remainder when 86 is divided by 19?
10
What is the remainder when 89 is divided by 3?
2
What is the remainder when 176 is divided by 17?
6
Calculate the remainder when 956 is divided by 160.
156
What is the remainder when 1156 is divided by 144?
4
What is the remainder when 498 is divided by 6?
0
Calculate the remainder when 1483 is divided by 301.
279
Calculate the remainder when 488 is divided by 15.
8
Calculate the remainder when 300 is divided by 24.
12
What is the remainder when 1980 is divided by 42?
6
What is the remainder when 97 is divided by 40?
17
Calculate the remainder when 286 is divided by 71.
2
Calculate the remainder when 3021 is divided by 755.
1
What is the remainder when 275 is divided by 41?
29
What is the remainder when 136 is divided by 50?
36
Calculate the remainder when 1169 is divided by 160.
49
Calculate the remainder when 96 is divided by 5.
1
Calculate the remainder when 890 is divided by 22.
10
What is the remainder when 116 is divided by 34?
14
What is the remainder when 1498 is divided by 58?
48
Calculate the remainder when 2942 is divided by 487.
20
Calculate the remainder when 338 is divided by 33.
8
What is the remainder when 2771 is divided by 132?
131
What is the remainder when 120 is divided by 33?
21
What is the remainder when 97 is divided by 15?
7
Calculate the remainder when 239 is divided by 32.
15
Calculate the remainder when 262 is divided by 54.
46
What is the remainder when 10200 is divided by 27?
21
Calculate the remainder when 2613 is divided by 377.
351
What is the remainder when 209 is divided by 4?
1
What is the remainder when 29183 is divided by 64?
63
Calculate the remainder when 168 is divided by 25.
18
Calculate the remainder when 2025 is divided by 68.
53
Calculate the remainder when 161 is divided by 41.
38
Calculate the remainder when 377 is divided by 63.
62
Calculate the remainder when 574 is divided by 9.
7
What is the remainder when 9107 is divided by 22?
21
Calculate the remainder when 156 is divided by 144.
12
Calculate the remainder when 270 is divided by 37.
11
Calculate the remainder when 83 is divided by 32.
19
Calculate the remainder when 647 is divided by 10.
7
What is the remainder when 117 is divided by 48?
21
Calculate the remainder when 609 is divided by 56.
49
Calculate the remainder when 83 is divided by 21.
20
What is the remainder when 3932 is divided by 48?
44
What is the remainder when 229 is divided by 23?
22
What is the remainder when 3094 is divided by 24?
22
What is the remainder when 249 is divided by 27?
6
Calculate the remainder when 752 is divided by 126.
122
Calculate the remainder when 707 is divided by 15.
2
Calculate the remainder when 1207 is divided by 35.
17
What is the remainder when 333 is divided by 95?
48
Calculate the remainder when 161 is divided by 81.
80
Calculate the remainder when 107 is divided by 28.
23
Calculate the remainder when 1015 is divided by 102.
97
Calculate the remainder when 347 is divided by 25.
22
What is the remainder when 543 is divided by 34?
33
Calculate the remainder when 1676 is divided by 821.
34
Calculate the remainder when 192 is divided by 66.
60
What is the remainder when 830 is divided by 26?
24
What is the remainder when 1476 is divided by 26?
20
What is the remainder when 821 is divided by 11?
7
What is the remainder when 851 is divided by 172?
163
Calculate the remainder when 1207 is divided by 13.
11
Calculate the remainder when 2661 is divided by 113.
62
What is the remainder when 4476 is divided by 16?
12
Calculate the remainder when 181 is divided by 47.
40
What is the remainder when 40 is divided by 11?
7
What is the remainder when 20 is divided by 12?
8
What is the remainder when 22041 is divided by 12?
9
What is the remainder when 679 is divided by 66?
19
What is the remainder when 184 is divided by 63?
58
Calculate the remainder when 17621 is divided by 5873.
2
What is the remainder when 14270 is divided by 3?
2
What is the remainder when 150 is divided by 46?
12
What is the remainder when 116 is divided by 14?
4
Calculate the remainder when 158 is divided by 32.
30
Calculate the remainder when 460 is divided by 129.
73
What is the remainder when 47 is divided by 16?
15
Calculate the remainder when 1504 is divided by 58.
54
What is the remainder when 85 is divided by 9?
4
Calculate the remainder when 552 is divided by 38.
20
Calculate the remainder when 42 is divided by 9.
6
Calculate the remainder when 24 is divided by 12.
0
Calculate the remainder when 202 is divided by 56.
34
What is the remainder when 10384 is divided by 13?
10
What is the remainder when 82 is divided by 13?
4
Calculate the remainder when 228 is divided by 72.
12
Calculate the remainder when 26 is divided by 17.
9
Calculate the remainder when 750 is divided by 212.
114
Calculate the remainder when 1666 is divided by 18.
10
What is the remainder when 9382 is divided by 68?
66
What is the remainder when 306 is divided by 25?
6
What is the remainder when 1602 is divided by 6?
0
Calculate the remainder when 159 is divided by 40.
39
Calculate the remainder when 63 is divided by 7.
0
Calculate the remainder when 1461 is divided by 115.
81
Calculate the remainder when 2130 is divided by 13.
11
What is the remainder when 2216 is divided by 11?
5
Calculate the remainder when 854 is divided by 853.
1
Calculate the remainder when 135 is divided by 39.
18
What is the remainder when 1880 is divided by 105?
95
What is the remainder when 2228 is divided by 738?
14
Calculate the remainder when 86 is divided by 1.
0
What is the remainder when 1319 is divided by 55?
54
Calculate the remainder when 352 is divided by 67.
17
What is the remainder when 255 is divided by 69?
48
Calculate the remainder when 1348 is divided by 9.
7
What is the remainder when 163 is divided by 82?
81
Calculate the remainder when 227 is divided by 213.
14
Calculate the remainder when 3713 is divided by 176.
17
Calculate the remainder when 665 is divided by 170.
155
What is the remainder when 403 is divided by 68?
63
What is the remainder when 5495 is divided by 2740?
15
What is the remainder when 212 is divided by 117?
95
Calculate the remainder when 1044 is divided by 100.
44
Calculate the remainder when 184 is divided by 91.
2
What is the remainder when 2062 is divided by 13?
8
What is the remainder when 3348 is divided by 25?
23
Calculate the remainder when 129 is divided by 56.
17
Calculate the remainder when 343 is divided by 90.
73
What is the remainder when 102 is divided by 78?
24
Calculate the remainder when 55 is divided by 29.
26
Calculate the remainder when 615 is divided by 66.
21
What is the remainder when 659 is divided by 71?
20
What is the remainder when 3218 is divided by 407?
369
Calculate the remainder when 31 is divided by 28.
3
Calculate the remainder when 4183 is divided by 46.
43
Calculate the remainder when 29590 is divided by 137.
135
What is the remainder when 55 is divided by 17?
4
What is the remainder when 248 is divided by 12?
8
What is the remainder when 172 is divided by 14?
4
Calculate the remainder when 314 is divided by 42.
20
What is the remainder when 2765 is divided by 16?
13
What is the remainder when 807 is divided by 691?
116
Calculate the remainder when 1032 is divided by 340.
12
Calculate the remainder when 386 is divided by 14.
8
Calculate the remainder when 42 is divided by 8.
2
What is the remainder when 4785 is divided by 1593?
6
Calculate the remainder when 182 is divided by 31.
27
What is the remainder when 346 is divided by 14?
10
Calculate the remainder when 1099 is divided by 123.
115
What is the remainder when 292 is divided by 279?
13
What is the remainder wh